



{"id":548,"date":"2015-04-20T06:50:39","date_gmt":"2015-04-20T06:50:39","guid":{"rendered":"http:\/\/xn--80aaxusgfg.com\/?page_id=548"},"modified":"2021-09-11T23:26:10","modified_gmt":"2021-09-11T21:26:10","slug":"179-2","status":"publish","type":"page","link":"https:\/\/xn--80aaxusgfg.com\/?page_id=548","title":{"rendered":"\u0420\u0430\u0431\u043e\u0442\u0430 \u0441 \u0434\u0435\u0442\u044c\u043c\u0438 \u0438 \u043c\u043e\u043b\u043e\u0434\u0435\u0436\u044c\u044e"},"content":{"rendered":"\r\n<p><strong>DV\u016eR KR\u00c1LOV\u00c9 NAD LABEM<\/strong><\/p>\r\n\r\n\r\n\r\n<div class=\"wp-block-media-text alignwide is-stacked-on-mobile\"><figure class=\"wp-block-media-text__media\"><img decoding=\"async\" src=\"https:\/\/www.faustyna.pl\/zmbm\/wp-content\/uploads\/2021\/06\/Czechy-Dvur-Kralove-1.jpg\" alt=\"\" class=\"wp-image-21198 size-full\"\/><\/figure><div class=\"wp-block-media-text__content\">\r\n<p>ul. \u0160tef\u00e1nikova 952<br>544 01 DV\u016eR KR\u00c1LOV\u00c9 NAD LABEM<br>tf.: (0-0420) 499 32 14 09<br>e-mail: kmbm@seznam.cz<\/p>\r\n<\/div><\/div>\r\n\r\n\r\n\r\n<p><strong>KALISZ<\/strong><\/p>\r\n\r\n\r\n\r\n<div class=\"wp-block-media-text alignwide is-stacked-on-mobile\"><figure class=\"wp-block-media-text__media\"><img decoding=\"async\" src=\"https:\/\/www.faustyna.pl\/zmbm\/wp-content\/uploads\/2021\/06\/Kalisz-swietlica.jpg\" alt=\"\" class=\"wp-image-21200 size-full\"\/><\/figure><div class=\"wp-block-media-text__content\">\r\n<p>ul. Pozna\u0144ska 26<br>62-800 KALISZ<br>tf.: (62) 757 63 42<br>e-mail: zmbm.kalisz@faustyna.pl<\/p>\r\n<\/div><\/div>\r\n","protected":false},"excerpt":{"rendered":"<p>DV\u016eR KR\u00c1LOV\u00c9 NAD LABEM ul. \u0160tef\u00e1nikova 952544 01 DV\u016eR KR\u00c1LOV\u00c9 NAD LABEMtf.: (0-0420) 499 32 14 09e-mail: kmbm@seznam.cz KALISZ ul. Pozna\u0144ska 2662-800 KALISZtf.: (62) 757 63 42e-mail: zmbm.kalisz@faustyna.pl<\/p>\n","protected":false},"author":1,"featured_media":0,"parent":0,"menu_order":0,"comment_status":"closed","ping_status":"closed","template":"","meta":{"footnotes":""},"categories":[62],"tags":[],"class_list":["post-548","page","type-page","status-publish","hentry","category-domy-milosierdzia"],"_links":{"self":[{"href":"https:\/\/xn--80aaxusgfg.com\/index.php?rest_route=\/wp\/v2\/pages\/548","targetHints":{"allow":["GET"]}}],"collection":[{"href":"https:\/\/xn--80aaxusgfg.com\/index.php?rest_route=\/wp\/v2\/pages"}],"about":[{"href":"https:\/\/xn--80aaxusgfg.com\/index.php?rest_route=\/wp\/v2\/types\/page"}],"author":[{"embeddable":true,"href":"https:\/\/xn--80aaxusgfg.com\/index.php?rest_route=\/wp\/v2\/users\/1"}],"replies":[{"embeddable":true,"href":"https:\/\/xn--80aaxusgfg.com\/index.php?rest_route=%2Fwp%2Fv2%2Fcomments&post=548"}],"version-history":[{"count":4,"href":"https:\/\/xn--80aaxusgfg.com\/index.php?rest_route=\/wp\/v2\/pages\/548\/revisions"}],"predecessor-version":[{"id":8754,"href":"https:\/\/xn--80aaxusgfg.com\/index.php?rest_route=\/wp\/v2\/pages\/548\/revisions\/8754"}],"wp:attachment":[{"href":"https:\/\/xn--80aaxusgfg.com\/index.php?rest_route=%2Fwp%2Fv2%2Fmedia&parent=548"}],"wp:term":[{"taxonomy":"category","embeddable":true,"href":"https:\/\/xn--80aaxusgfg.com\/index.php?rest_route=%2Fwp%2Fv2%2Fcategories&post=548"},{"taxonomy":"post_tag","embeddable":true,"href":"https:\/\/xn--80aaxusgfg.com\/index.php?rest_route=%2Fwp%2Fv2%2Ftags&post=548"}],"curies":[{"name":"wp","href":"https:\/\/api.w.org\/{rel}","templated":true}]}}