



{"id":1534,"date":"2015-05-15T07:48:27","date_gmt":"2015-05-15T05:48:27","guid":{"rendered":"http:\/\/xn--80aaxusgfg.com\/?page_id=1534"},"modified":"2026-03-04T21:30:20","modified_gmt":"2026-03-04T20:30:20","slug":"%d0%b4%d0%bd%d0%b5%d0%b2%d0%bd%d0%b8%d0%ba","status":"publish","type":"page","link":"https:\/\/xn--80aaxusgfg.com\/?page_id=1534","title":{"rendered":"\u0414\u043d\u0435\u0432\u043d\u0438\u043a"},"content":{"rendered":"<div style=\"text-align: justify;\" align=\"left\">\n<p><strong><em>\u0414\u043b\u044f \u0442\u0435\u0445, \u043a\u0442\u043e \u043f\u0435\u0440\u0435\u0436\u0438\u043b II \u043c\u0438\u0440\u043e\u0432\u0443\u044e \u0432\u043e\u0439\u043d\u0443, \u0441\u043b\u043e\u0432\u0430, \u0437\u0430\u043f\u0438\u0441\u0430\u043d\u043d\u044b\u0435 \u0432 \u201e\u0414\u043d\u0435\u0432\u043d\u0438\u043a\u0435\u201d \u0441\u0432. \u0424\u0430\u0443\u0441\u0442\u0438\u043d\u044b, \u044f\u0432\u043b\u044f\u044e\u0442\u0441\u044f \u043e\u0441\u043e\u0431\u0435\u043d\u043d\u044b\u043c \u0415\u0432\u0430\u043d\u0433\u0435\u043b\u0438\u0435\u043c \u0411\u043e\u0436\u044c\u0435\u0433\u043e \u043c\u0438\u043b\u043e\u0441\u0435\u0440\u0434\u0438\u044f \u0434\u043b\u044f XX \u0432\u0435\u043a\u0430.<\/em><\/strong><\/p>\n<div style=\"text-align: right;\" align=\"right\">\u0418\u043e\u0430\u043d\u043d \u041f\u0430\u0432\u0435\u043b II<\/div>\n<div align=\"right\"><\/div>\n<\/div>\n<p><h2 style=\"text-align: center;\">\r\n  <a href=\"#\" onclick=\"window.open('https:\/\/www.faustyna.pl\/ru\/Dzienniczek\/Dzienniczek.php?token=1777090940hmwQA5kR28DNcKYQc','Dzienniczek','resizable=yes,width=1000,height=600,left='+(screen.availWidth\/2-500)+',top='+(screen.availHeight\/2-300)+'');window.location.reload();return false;\" target=\"_blank\">\u041f\u043e\u043b\u043d\u044b\u0439 \u0442\u0435\u043a\u0441\u0442 \u00ab\u0414\u043d\u0435\u0432\u043d\u0438\u043a\u0430\u00bb \u0441\u0432. \u0421\u0435\u0441\u0442\u0440\u044b \u0424\u0430\u0443\u0441\u0442\u0438\u043d\u044b\r\n    <img decoding=\"async\" class=\"alignright\" style=\"border: 0px;\" title=\"pdf.gif\" src=\"https:\/\/www.faustyna.pl\/images\/stories\/faustyna\/pdf.gif\" alt=\"pdf.gif\" border=\"0\" \/>\r\n  <\/a>\r\n<\/h2><\/p>\n<div align=\"center\"><\/div>\n<div align=\"center\"><strong> \u00a9 Copyright by Wydawnictwo Ksi\u0119\u017cy Marian\u00f3w<\/strong><\/div>\n<div align=\"center\"><\/div>\n<div align=\"center\"><strong>\u041f\u043e\u043b\u043d\u043e\u0435 \u0438\u043b\u0438 \u0447\u0430\u0441\u0442\u0438\u0447\u043d\u043e\u0435 \u043a\u043e\u043f\u0438\u0440\u043e\u0432\u0430\u043d\u0438\u0435, \u0432\u043e\u0441\u043f\u0440\u043e\u0438\u0437\u0432\u0435\u0434\u0435\u043d\u0438\u0435,<\/strong><br \/>\n<strong> \u0442\u0438\u0440\u0430\u0436\u0438\u0440\u043e\u0432\u0430\u043d\u0438\u0435 \u0440\u0430\u0437\u043b\u0438\u0447\u043d\u044b\u043c\u0438 \u0441\u0440\u0435\u0434\u0441\u0442\u0432\u0430\u043c\u0438<\/strong><br \/>\n<strong> \u0434\u043b\u044f \u0442\u0430\u043a \u043d\u0430\u0437\u044b\u0432\u0430\u0435\u043c\u044b\u0445 \u043f\u0440\u043e\u0438\u0437\u0432\u043e\u0434\u043d\u044b\u0445 \u043f\u0440\u043e\u0438\u0437\u0432\u0435\u0434\u0435\u043d\u0438\u0439,<\/strong><br \/>\n<strong> \u0432 \u0442\u043e\u043c \u0447\u0438\u0441\u043b\u0435 \u043d\u0430 \u0432\u0435\u0431-\u0441\u0430\u0439\u0442\u0430\u0445,<\/strong><br \/>\n<strong> d\u0432\u043e\u0437\u043c\u043e\u0436\u043d\u043e \u0442\u043e\u043b\u044c\u043a\u043e \u0441 \u043f\u0438\u0441\u044c\u043c\u0435\u043d\u043d\u043e\u0433\u043e \u0441\u043e\u0433\u043b\u0430\u0441\u0438\u044f \u041a\u043e\u043d\u0433\u0440\u0435\u0433\u0430\u0446\u0438\u0438.<\/strong><\/div>\n<div align=\"center\"><\/div>\n<div align=\"center\"><strong>\u00a9 Copyright by Wydawnictwo Ksi\u0119\u017cy Marian\u00f3w, 1993, Warsaw, Poland<br \/>\nAll rights reserved. \u0412\u0441\u0435 \u043f\u0440\u0430\u0432\u0430 \u0441\u043e\u0445\u0440\u0430\u043d\u0435\u043d\u044b<\/strong><\/div>\n<div align=\"center\"><\/div>\n","protected":false},"excerpt":{"rendered":"<p>\u0414\u043b\u044f \u0442\u0435\u0445, \u043a\u0442\u043e \u043f\u0435\u0440\u0435\u0436\u0438\u043b II \u043c\u0438\u0440\u043e\u0432\u0443\u044e \u0432\u043e\u0439\u043d\u0443, \u0441\u043b\u043e\u0432\u0430, \u0437\u0430\u043f\u0438\u0441\u0430\u043d\u043d\u044b\u0435 \u0432 \u201e\u0414\u043d\u0435\u0432\u043d\u0438\u043a\u0435\u201d \u0441\u0432. \u0424\u0430\u0443\u0441\u0442\u0438\u043d\u044b, \u044f\u0432\u043b\u044f\u044e\u0442\u0441\u044f \u043e\u0441\u043e\u0431\u0435\u043d\u043d\u044b\u043c \u0415\u0432\u0430\u043d\u0433\u0435\u043b\u0438\u0435\u043c \u0411\u043e\u0436\u044c\u0435\u0433\u043e \u043c\u0438\u043b\u043e\u0441\u0435\u0440\u0434\u0438\u044f \u0434\u043b\u044f XX \u0432\u0435\u043a\u0430. \u0418\u043e\u0430\u043d\u043d \u041f\u0430\u0432\u0435\u043b II \u041f\u043e\u043b\u043d\u044b\u0439 \u0442\u0435\u043a\u0441\u0442 \u00ab\u0414\u043d\u0435\u0432\u043d\u0438\u043a\u0430\u00bb \u0441\u0432. \u0421\u0435\u0441\u0442\u0440\u044b \u0424\u0430\u0443\u0441\u0442\u0438\u043d\u044b \u00a9 Copyright by Wydawnictwo Ksi\u0119\u017cy Marian\u00f3w \u041f\u043e\u043b\u043d\u043e\u0435 \u0438\u043b\u0438 \u0447\u0430\u0441\u0442\u0438\u0447\u043d\u043e\u0435 \u043a\u043e\u043f\u0438\u0440\u043e\u0432\u0430\u043d\u0438\u0435, \u0432\u043e\u0441\u043f\u0440\u043e\u0438\u0437\u0432\u0435\u0434\u0435\u043d\u0438\u0435, \u0442\u0438\u0440\u0430\u0436\u0438\u0440\u043e\u0432\u0430\u043d\u0438\u0435 \u0440\u0430\u0437\u043b\u0438\u0447\u043d\u044b\u043c\u0438 \u0441\u0440\u0435\u0434\u0441\u0442\u0432\u0430\u043c\u0438 \u0434\u043b\u044f \u0442\u0430\u043a \u043d\u0430\u0437\u044b\u0432\u0430\u0435\u043c\u044b\u0445 \u043f\u0440\u043e\u0438\u0437\u0432\u043e\u0434\u043d\u044b\u0445 \u043f\u0440\u043e\u0438\u0437\u0432\u0435\u0434\u0435\u043d\u0438\u0439, \u0432 \u0442\u043e\u043c \u0447\u0438\u0441\u043b\u0435 \u043d\u0430 \u0432\u0435\u0431-\u0441\u0430\u0439\u0442\u0430\u0445, d\u0432\u043e\u0437\u043c\u043e\u0436\u043d\u043e [&hellip;]<\/p>\n","protected":false},"author":1,"featured_media":3928,"parent":0,"menu_order":0,"comment_status":"closed","ping_status":"closed","template":"","meta":{"footnotes":""},"categories":[101],"tags":[],"class_list":["post-1534","page","type-page","status-publish","has-post-thumbnail","hentry","category-dzienniczek"],"_links":{"self":[{"href":"https:\/\/xn--80aaxusgfg.com\/index.php?rest_route=\/wp\/v2\/pages\/1534","targetHints":{"allow":["GET"]}}],"collection":[{"href":"https:\/\/xn--80aaxusgfg.com\/index.php?rest_route=\/wp\/v2\/pages"}],"about":[{"href":"https:\/\/xn--80aaxusgfg.com\/index.php?rest_route=\/wp\/v2\/types\/page"}],"author":[{"embeddable":true,"href":"https:\/\/xn--80aaxusgfg.com\/index.php?rest_route=\/wp\/v2\/users\/1"}],"replies":[{"embeddable":true,"href":"https:\/\/xn--80aaxusgfg.com\/index.php?rest_route=%2Fwp%2Fv2%2Fcomments&post=1534"}],"version-history":[{"count":9,"href":"https:\/\/xn--80aaxusgfg.com\/index.php?rest_route=\/wp\/v2\/pages\/1534\/revisions"}],"predecessor-version":[{"id":13700,"href":"https:\/\/xn--80aaxusgfg.com\/index.php?rest_route=\/wp\/v2\/pages\/1534\/revisions\/13700"}],"wp:featuredmedia":[{"embeddable":true,"href":"https:\/\/xn--80aaxusgfg.com\/index.php?rest_route=\/wp\/v2\/media\/3928"}],"wp:attachment":[{"href":"https:\/\/xn--80aaxusgfg.com\/index.php?rest_route=%2Fwp%2Fv2%2Fmedia&parent=1534"}],"wp:term":[{"taxonomy":"category","embeddable":true,"href":"https:\/\/xn--80aaxusgfg.com\/index.php?rest_route=%2Fwp%2Fv2%2Fcategories&post=1534"},{"taxonomy":"post_tag","embeddable":true,"href":"https:\/\/xn--80aaxusgfg.com\/index.php?rest_route=%2Fwp%2Fv2%2Ftags&post=1534"}],"curies":[{"name":"wp","href":"https:\/\/api.w.org\/{rel}","templated":true}]}}